{"id":91,"date":"2009-04-05T19:44:40","date_gmt":"2009-04-05T18:44:40","guid":{"rendered":"http:\/\/blog.marcinbajor.net\/index.php\/kontakt\/"},"modified":"2016-04-19T16:24:19","modified_gmt":"2016-04-19T14:24:19","slug":"kontakt","status":"publish","type":"page","link":"https:\/\/blog.marcinbajor.net\/index.php\/kontakt","title":{"rendered":"Kontakt"},"content":{"rendered":"<p>Mo\u017cna si\u0119 ze mn\u0105 skontaktowa\u0107 w nast\u0119puj\u0105cy spos\u00f3b:<br \/>Skype:<a href=\"skype:marcin_bajor?call\">marcin_bajor<\/a><br \/>e-mail:<a href=\"mailto:marcin@marcinbajor.net\">marcin<span style=\"font-weight: bolder;\">@<\/span>marcinbajor<span style=\"font-weight: bold;\">.<\/span>.net<\/a><br \/>jabber:<a href=\"xmpp:marcin@marcinbajor.net\">marcin<span style=\"font-weight: bolder;\">@<\/span>marcinbajor<span style=\"font-weight: bold;\">.<\/span>.net<\/a><\/p>\n<p><script type=\"text\/javascript\" src=\"https:\/\/secure.skypeassets.com\/i\/scom\/js\/skype-uri.js\"><\/script><\/p>\n<div id=\"SkypeButton_Call_marcin_bajor_1\">\n <script type=\"text\/javascript\">\n Skype.ui({\n \"name\": \"dropdown\",\n \"element\": \"SkypeButton_Call_marcin_bajor_1\",\n \"participants\": [\"marcin_bajor\"],\n \"imageSize\": 24\n });\n <\/script>\n<\/div>\n<h3>Related Images:<\/h3>","protected":false},"excerpt":{"rendered":"<p>Mo\u017cna si\u0119 ze mn\u0105 skontaktowa\u0107 w nast\u0119puj\u0105cy spos\u00f3b:Skype:marcin_bajore-mail:marcin@marcinbajor..netjabber:marcin@marcinbajor..net Related Images:<\/p>\n","protected":false},"author":2,"featured_media":0,"parent":0,"menu_order":2,"comment_status":"closed","ping_status":"open","template":"","meta":{"_monsterinsights_skip_tracking":false,"_monsterinsights_sitenote_active":false,"_monsterinsights_sitenote_note":"","_monsterinsights_sitenote_category":0,"_uf_show_specific_survey":0,"_uf_disable_surveys":false,"ngg_post_thumbnail":0,"footnotes":""},"class_list":["post-91","page","type-page","status-publish","czr-hentry"],"aioseo_notices":[],"_links":{"self":[{"href":"https:\/\/blog.marcinbajor.net\/index.php\/wp-json\/wp\/v2\/pages\/91","targetHints":{"allow":["GET"]}}],"collection":[{"href":"https:\/\/blog.marcinbajor.net\/index.php\/wp-json\/wp\/v2\/pages"}],"about":[{"href":"https:\/\/blog.marcinbajor.net\/index.php\/wp-json\/wp\/v2\/types\/page"}],"author":[{"embeddable":true,"href":"https:\/\/blog.marcinbajor.net\/index.php\/wp-json\/wp\/v2\/users\/2"}],"replies":[{"embeddable":true,"href":"https:\/\/blog.marcinbajor.net\/index.php\/wp-json\/wp\/v2\/comments?post=91"}],"version-history":[{"count":12,"href":"https:\/\/blog.marcinbajor.net\/index.php\/wp-json\/wp\/v2\/pages\/91\/revisions"}],"predecessor-version":[{"id":978,"href":"https:\/\/blog.marcinbajor.net\/index.php\/wp-json\/wp\/v2\/pages\/91\/revisions\/978"}],"wp:attachment":[{"href":"https:\/\/blog.marcinbajor.net\/index.php\/wp-json\/wp\/v2\/media?parent=91"}],"curies":[{"name":"wp","href":"https:\/\/api.w.org\/{rel}","templated":true}]}}